{"id":474,"date":"2019-12-13T07:51:59","date_gmt":"2019-12-13T07:51:59","guid":{"rendered":"https:\/\/derdadesign.de\/grade-stiftung\/?page_id=474"},"modified":"2021-05-03T17:51:44","modified_gmt":"2021-05-03T17:51:44","slug":"sie-helfen","status":"publish","type":"page","link":"https:\/\/www.grade-stiftung.de\/index.php\/sie-helfen\/","title":{"rendered":"Projekte"},"content":{"rendered":"\n<div id=\"block-e1005a30-f4fb-4ee5-b297-a62eaf655b38\" class=\"wp-block-image\"><figure class=\"aligncenter is-resized\"><img loading=\"lazy\" decoding=\"async\" src=\"https:\/\/derdadesign.de\/grade-stiftung\/wp-content\/uploads\/2020\/05\/Icons-10_big-12.png\" alt=\"Dieses Bild hat ein leeres Alt-Attribut. Der Dateiname ist Icons-10_big-12.png\" width=\"200\" height=\"200\"\/><\/figure><\/div>\n\n\n\n<p class=\"has-text-align-center\" id=\"block-2b8eca92-554a-494b-a3b4-40dbcacc2773\"><strong>Die Schwerpunkte f\u00fcr die Auswahl der Projekte liegen in der Freizeitgestaltung, der musischen F\u00f6rderung sowie der sportlichen Unterst\u00fctzung.<\/strong><\/p>\n\n\n\n<p class=\"has-text-align-center\" id=\"block-b7bcc385-5223-4179-afc6-ff9ce288e411\">Die Projekte sollen den Kinder und Jugendlichen Freude bereiten, aber auch einen p\u00e4dagogischen Mehrwert bieten. Wichtig ist der Stiftung dabei, dass Kinder und Jugendliche ihr seelisches Gleichgewicht und ihr Selbstvertrauen trainieren. Durch Pr\u00e4ventionsarbeit soll eine St\u00e4rkung im Alltag bewirkt werden.<\/p>\n\n\n\n<p class=\"has-text-align-center\" id=\"block-0e9c6098-f7d0-4c3f-b2d4-e579f68f4ac4\">Die Realisierung der Projekte erfolgt ausschlie\u00dflich, laut der Satzung der Stiftung, im Kreis Pinneberg. Dabei betr\u00e4gt das j\u00e4hrliche Projektvolumen ca. 30.000 Euro. Unterst\u00fctzt werden vor allem Kinderg\u00e4rten, Schulen und Vereine. Aber auch andere Institutionen wie zum Beispiel die Jugendfeuerwehren, Jugendh\u00e4user sowie ausnahmsweise auch Einzelpersonen.<\/p>\n\n\n\n<figure class=\"wp-block-image size-large\"><img loading=\"lazy\" decoding=\"async\" width=\"724\" height=\"437\" src=\"https:\/\/www.grade-stiftung.de\/wp-content\/uploads\/2021\/05\/Schlagwort-Cloud-10.png\" alt=\"\" class=\"wp-image-1157\" srcset=\"https:\/\/www.grade-stiftung.de\/wp-content\/uploads\/2021\/05\/Schlagwort-Cloud-10.png 724w, https:\/\/www.grade-stiftung.de\/wp-content\/uploads\/2021\/05\/Schlagwort-Cloud-10-300x181.png 300w\" sizes=\"auto, (max-width: 724px) 100vw, 724px\" \/><\/figure>\n\n\n\n<hr class=\"wp-block-separator has-text-color has-background is-style-wide\" style=\"background-color:#867db2;color:#867db2\"\/>\n","protected":false},"excerpt":{"rendered":"<p>Die Schwerpunkte f\u00fcr die Auswahl der Projekte liegen in der Freizeitgestaltung, der musischen F\u00f6rderung sowie der sportlichen Unterst\u00fctzung. Die Projekte sollen den Kinder und Jugendlichen Freude bereiten, aber auch einen p\u00e4dagogischen Mehrwert bieten. Wichtig ist der Stiftung dabei, dass Kinder und Jugendliche ihr seelisches Gleichgewicht und ihr Selbstvertrauen trainieren. Durch Pr\u00e4ventionsarbeit soll eine St\u00e4rkung im [&hellip;]<\/p>\n","protected":false},"author":1,"featured_media":0,"parent":0,"menu_order":0,"comment_status":"closed","ping_status":"closed","template":"","meta":{"footnotes":""},"class_list":["post-474","page","type-page","status-publish","hentry"],"_links":{"self":[{"href":"https:\/\/www.grade-stiftung.de\/index.php\/wp-json\/wp\/v2\/pages\/474","targetHints":{"allow":["GET"]}}],"collection":[{"href":"https:\/\/www.grade-stiftung.de\/index.php\/wp-json\/wp\/v2\/pages"}],"about":[{"href":"https:\/\/www.grade-stiftung.de\/index.php\/wp-json\/wp\/v2\/types\/page"}],"author":[{"embeddable":true,"href":"https:\/\/www.grade-stiftung.de\/index.php\/wp-json\/wp\/v2\/users\/1"}],"replies":[{"embeddable":true,"href":"https:\/\/www.grade-stiftung.de\/index.php\/wp-json\/wp\/v2\/comments?post=474"}],"version-history":[{"count":11,"href":"https:\/\/www.grade-stiftung.de\/index.php\/wp-json\/wp\/v2\/pages\/474\/revisions"}],"predecessor-version":[{"id":1158,"href":"https:\/\/www.grade-stiftung.de\/index.php\/wp-json\/wp\/v2\/pages\/474\/revisions\/1158"}],"wp:attachment":[{"href":"https:\/\/www.grade-stiftung.de\/index.php\/wp-json\/wp\/v2\/media?parent=474"}],"curies":[{"name":"wp","href":"https:\/\/api.w.org\/{rel}","templated":true}]}}

<div id="block-e1005a30-f4fb-4ee5-b297-a62eaf655b38" class="wp-block-image"><figure class="aligncenter is-resized"><img loading="lazy" decoding="async" src="https://derdadesign.de/grade-stiftung/wp-content/uploads/2020/05/Icons-10_big-12.png" alt="Dieses Bild hat ein leeres Alt-Attribut. Der Dateiname ist Icons-10_big-12.png" width="200" height="200"/></figure></div>



<p class="has-text-align-center" id="block-2b8eca92-554a-494b-a3b4-40dbcacc2773"><strong>Die Schwerpunkte für die Auswahl der Projekte liegen in der Freizeitgestaltung, der musischen Förderung sowie der sportlichen Unterstützung.</strong></p>



<p class="has-text-align-center" id="block-b7bcc385-5223-4179-afc6-ff9ce288e411">Die Projekte sollen den Kinder und Jugendlichen Freude bereiten, aber auch einen pädagogischen Mehrwert bieten. Wichtig ist der Stiftung dabei, dass Kinder und Jugendliche ihr seelisches Gleichgewicht und ihr Selbstvertrauen trainieren. Durch Präventionsarbeit soll eine Stärkung im Alltag bewirkt werden.</p>



<p class="has-text-align-center" id="block-0e9c6098-f7d0-4c3f-b2d4-e579f68f4ac4">Die Realisierung der Projekte erfolgt ausschließlich, laut der Satzung der Stiftung, im Kreis Pinneberg. Dabei beträgt das jährliche Projektvolumen ca. 30.000 Euro. Unterstützt werden vor allem Kindergärten, Schulen und Vereine. Aber auch andere Institutionen wie zum Beispiel die Jugendfeuerwehren, Jugendhäuser sowie ausnahmsweise auch Einzelpersonen.</p>



<figure class="wp-block-image size-large"><img loading="lazy" decoding="async" width="724" height="437" src="https://www.grade-stiftung.de/wp-content/uploads/2021/05/Schlagwort-Cloud-10.png" alt="" class="wp-image-1157" srcset="https://www.grade-stiftung.de/wp-content/uploads/2021/05/Schlagwort-Cloud-10.png 724w, https://www.grade-stiftung.de/wp-content/uploads/2021/05/Schlagwort-Cloud-10-300x181.png 300w" sizes="auto, (max-width: 724px) 100vw, 724px" /></figure>



<hr class="wp-block-separator has-text-color has-background is-style-wide" style="background-color:#867db2;color:#867db2"/>

<p>Die Schwerpunkte für die Auswahl der Projekte liegen in der Freizeitgestaltung, der musischen Förderung sowie der sportlichen Unterstützung. Die Projekte sollen den Kinder und Jugendlichen Freude bereiten, aber auch einen pädagogischen Mehrwert bieten. Wichtig ist der Stiftung dabei, dass Kinder und Jugendliche ihr seelisches Gleichgewicht und ihr Selbstvertrauen trainieren. Durch Präventionsarbeit soll eine Stärkung im [&hellip;]</p>
